{"id":2,"date":"2021-01-21T23:39:00","date_gmt":"2021-01-22T05:39:00","guid":{"rendered":"http:\/\/mi-pagina-web.superaciondigital.com\/?page_id=2"},"modified":"2021-02-01T15:04:19","modified_gmt":"2021-02-01T21:04:19","slug":"mi-pagina-web","status":"publish","type":"page","link":"https:\/\/mi-pagina-web.superaciondigital.com\/","title":{"rendered":"Mi Pagina Web"},"content":{"rendered":"<h1>PAQUETES PARA TU PAGINA WEB TODO INCLUIDO (DISE\u00d1O WEB, DOMINIO, WEB HOSTING Y OPTIMIZACION )<\/h1>\n<h2>\u00a0\u00a0 \u00a0 \u00a0\u00bf Por qu\u00e9 debo Optimizar Mi Pagina Web para Buscadores?<\/h2>\n<p style=\"padding-left: 20px;\">\u00a0 \u00a0 \u00a0Aqui podr\u00e1s Obtener tu p\u00e1gina Web optimizada para Buscadores; Obtener un Hosting y un Dominio para ese proyecto y a un Precio Adecuado a tus Necesidades.<\/p>\n<p style=\"padding-left: 20px;\">\u00a0 \u00a0Esta es una Pregunta muy B\u00e1sica y en algunos casos podr\u00eda parecer Obvia, pero no es as\u00ed. Es Impresionante la cantidad de personas que se dan a la Tarea de crear su <span style=\"font-weight: bold;\"><span style=\"font-style: italic;\">P\u00e1gina Web<\/span><\/span>, sin tomar en cuenta la <span style=\"font-weight: bold;\"><span style=\"font-style: italic;\"><a href=\"https:\/\/es.wikipedia.org\/wiki\/Posicionamiento_en_buscadores#:~:text=El%20posicionamiento%20en%20buscadores%2C%20optimizaci%C3%B3n,u%20otros%20buscadores%20de%20internet.\">Optimizaci\u00f3n<\/a> Interna y Externa<\/span><\/span>. Tienen la Idea Equivocada, de que un <span style=\"font-weight: bold;\"><span style=\"font-style: italic;\">Sitio Web<\/span><\/span>, que es Atractivo en su <span style=\"font-weight: bold;\"><span style=\"font-style: italic;\">Dise\u00f1o<\/span><\/span>, ser\u00e1 suficiente para Atraer a los Visitantes al <span style=\"font-weight: bold;\"><span style=\"font-style: italic;\">Sitio Web<\/span><\/span>.<\/p>\n<p><img loading=\"lazy\" class=\"alignright wp-image-54 size-full\" src=\"http:\/\/mi-pagina-web.superaciondigital.com\/wp-content\/uploads\/2021\/01\/seo-optimizar.jpg\" alt=\"SEO Interno\" width=\"300\" height=\"200\" \/><\/p>\n<p style=\"padding-left: 20px;\">\u00a0\u00a0 \u00a0 Desafortunadamente para muchos esto no es as\u00ed. Para poder ser Visto por los Internautas (Tener Tr\u00e1fico), se debe cumplir con una serie de Requisitos que Definen cada uno de los Buscadores. Estos requisitos son Evaluados y Revisados por un Algoritmo. En base a este Resultado el Buscador nos da una Posici\u00f3n o Rank en el listado de las B\u00fasquedas.<\/p>\n<p style=\"padding-left: 20px;\">\u00a0\u00a0 \u00a0 Como les mencionar\u00e9 m\u00e1s adelante nosotros nos enfocaremos al Buscador de Google, por una simple raz\u00f3n: Es el Buscador con Mayor Tr\u00e1fico en el Mundo.<\/p>\n<p style=\"padding-left: 20px;\">\u00a0\u00a0 \u00a0 \u00a0 \u00a0 La finalidad buscada mediante la <span style=\"font-weight: bold;\"><span style=\"font-style: italic;\">Optimizaci\u00f3n<\/span><\/span> de una <span style=\"font-weight: bold;\"><span style=\"font-style: italic;\">P\u00e1gina Web<\/span><\/span> no debe ser entendida como enga\u00f1ar a los buscadores. Tampoco como usar trucos para <span style=\"font-weight: bold;\"><span style=\"font-style: italic;\">Posicionar tu Pagina Web<\/span><\/span>. El Planteamiento anterior ser\u00eda err\u00f3neo y, pese a que utilizar estos \u201cTrucos de <span style=\"font-weight: bold;\"><span style=\"font-style: italic;\">SEO<\/span><\/span>\u201d o t\u00e9cnicas &#8220;Blackhat&#8221; puede tener buenos resultados a corto plazo; es posible que nuestra <span style=\"font-weight: bold;\"><span style=\"font-style: italic;\">Web<\/span><\/span> sea penalizada por los buscadores si utilizamos \u201cmalas artes o T\u00e1cticas Blackhat\u201d. Los Resultado pueden ser tan catastr\u00f3ficos que Incluso tu <span style=\"font-weight: bold;\"><span style=\"font-style: italic;\">Sitio Web<\/span><\/span> puede ser Excluido de los resultados de <span style=\"font-weight: bold;\"><span style=\"font-style: italic;\">Google<\/span><\/span>.<\/p>\n<p><img loading=\"lazy\" class=\"alignleft wp-image-44 size-medium\" src=\"http:\/\/mi-pagina-web.superaciondigital.com\/wp-content\/uploads\/2021\/01\/mi-pagina-en-google-2-2-176x300.jpg\" alt=\"Seo para goole\" width=\"176\" height=\"300\" srcset=\"https:\/\/mi-pagina-web.superaciondigital.com\/wp-content\/uploads\/2021\/01\/mi-pagina-en-google-2-2-176x300.jpg 176w, https:\/\/mi-pagina-web.superaciondigital.com\/wp-content\/uploads\/2021\/01\/mi-pagina-en-google-2-2.jpg 233w\" sizes=\"(max-width: 176px) 100vw, 176px\" \/><\/p>\n<p style=\"padding-left: 20px;\">\u00a0\u00a0 \u00a0La idea que debemos adoptar y que yo recomiendo, es <span style=\"font-weight: bold;\"><span style=\"font-style: italic;\">Optimizar Mi Pagina Web<\/span><\/span> para que sea interesante para los visitantes. Que nuestra <span style=\"font-weight: bold;\"><span style=\"font-style: italic;\">P\u00e1gina Web<\/span><\/span> tenga contenido relevante y de calidad. Que pueda facilitar el trabajo de los robots de los <span style=\"font-weight: bold;\"><span style=\"font-style: italic;\">Buscadores de Google<\/span><\/span>, que se encargan de \u201cleer\u201d las <span style=\"font-weight: bold;\"><span style=\"font-style: italic;\">P\u00e1ginas Web<\/span><\/span> y sus contenidos para ordenar los resultados de las b\u00fasquedas de los usuarios de internet. Y si todo se hace bien, esto ser\u00e1 premiado con buenos Resultados o <span style=\"font-weight: bold;\"><span style=\"font-style: italic;\">Posiciones<\/span><\/span> en las b\u00fasquedas.<\/p>\n<p style=\"padding-left: 20px;\">\u00a0\u00a0 \u00a0 Algunos puntos Importantes que debes considerar t\u00fa como Emprendedor, antes de Crear t\u00fa <span style=\"font-weight: bold;\"><span style=\"font-style: italic;\">Sitio Web<\/span><\/span>, para lograr una Buena <span style=\"font-weight: bold;\"><span style=\"font-style: italic;\">Optimizaci\u00f3n Interna<\/span><\/span> es:<\/p>\n<p style=\"padding-left: 20px;\">\u00a0<\/p>\n<ul>\n<li><span style=\"font-size: 18px;\">\u00a0Seleccionar un <span style=\"font-weight: bold;\"><span style=\"font-style: italic;\">Nombre de Dominio<\/span><\/span>, que sea en lo Posible descriptivo, F\u00e1cil de recordar y Corto.<\/span><\/li>\n<li><span style=\"font-size: 18px;\">\u00a0Seleccionar las Mejores Palabras Claves, con las cuales tus Mejores Clientes Potenciales te est\u00e9n buscando.\u00a0<\/span><span style=\"font-size: 18px;\">\u00a0\u00a0 \u00a0 \u00a0 Es muy importante tener en cuenta que no es Recomendable Trabajar en Posicionar Palabras o Frases Gen\u00e9ricas (para un determinado producto o negocio), ya que aunque aunque se lograra tr\u00e1fico , este ser\u00eda de Baja Calidad y con toda Seguridad un alto porcentaje de esos visitantes no ser\u00e1n Clientes Potenciales, ya sea porque est\u00e1n buscando un producto o servicio diferente al posicionado o se encuentran en un Lugar geogr\u00e1fico diferente. Por lo tanto, los Criterios de Optimizaci\u00f3n y Posicionamiento m\u00e1s recomendables son Frases formados por 2, 3 o 4 Palabras Claves que nos ayuden a definir correctamente el Producto o Servicio que estas Ofreciendo.<\/span><\/li>\n<\/ul>\n<p style=\"padding-left: 20px;\">\u00a0\u00a0 \u00a0 \u00a0La Informaci\u00f3n anterior ser\u00e1 de vital Importancia para el Desarrollo de tu Proyecto. Estos y Muchos Otros Factores ser\u00e1n considerados para la Optimizaci\u00f3n de tu Sitio Web.<\/p>\n<p style=\"padding-left: 20px;\">Si tienes m\u00e1s dudas ponte en <a title=\"Enviame un Corrreo\" href=\"http:\/\/mi-pagina-web.superaciondigital.com\/index.php\/contacto-mi-pagina-web\/\">Contacto<\/a>.<\/p>\n<p style=\"padding-left: 20px;\">\u00a0<\/p>\n<p style=\"padding-left: 20px;\"><span style=\"font-size: 31px; color: #0c1bf6; font-weight: bold;\">\u00bfC\u00f3mo Encontraste \u00a0Mi Pagina Web?<\/span><\/p>\n<p style=\"padding-left: 40px;\">\u00a0\u00a0 \u00a0 \u00a0Algo tan Sencillo como esto:<\/p>\n<p style=\"padding-left: 60px;\">\u00a0\u00bf C\u00f3mo te estas Enterando en este Preciso Momento de <span style=\"font-weight: bold;\"><span style=\"font-style: italic;\">Mi P\u00e1gina Web<\/span><\/span> ?<\/p>\n<p style=\"padding-left: 60px;\">\u00a0\u00bf Imaginate que Tus Clientes Potenciales te Puedan Encontrar como tu Ahora lo estas Haciendo ?<\/p>\n<p style=\"padding-left: 60px;\">\u00a0\u00bf Aqu\u00ed me podr\u00e1s Encontrar los 365 d\u00edas del A\u00f1o las 24 Horas del D\u00eda ?<\/p>\n<p style=\"padding-left: 60px;\">\u00a0<\/p>\n<p style=\"padding-left: 60px;\">Estoy Seguro que Llegaste a esta P\u00e1gina por alguna de estas Frases Clave:<\/p>\n<ul style=\"padding-left: 120px;\">\n<li><span style=\"font-size: 18px;\"><span style=\"font-weight: bold;\"><span style=\"font-style: italic;\">Mi Pagina web.<\/span><\/span><\/span><\/li>\n<li><span style=\"font-size: 18px; font-style: italic; font-weight: bold;\">P\u00e1gina Web.<\/span><\/li>\n<li><span style=\"font-size: 18px; font-style: italic; font-weight: bold;\">Dise\u00f1o de P\u00e1gina.<\/span><\/li>\n<li><span style=\"font-size: 18px; font-style: italic; font-weight: bold;\">SEO.<\/span><\/li>\n<li><span style=\"font-size: 18px; font-style: italic; font-weight: bold;\">Dominio.<\/span><\/li>\n<li><span style=\"font-size: 18px; font-style: italic; font-weight: bold;\">Webhost.<\/span><\/li>\n<li><span style=\"font-size: 18px; font-style: italic; font-weight: bold;\">Optimizar.<\/span><\/li>\n<li><span style=\"font-size: 18px; font-style: italic; font-weight: bold;\">Pagina Web en Google.<\/span><\/li>\n<\/ul>\n<p style=\"padding-left: 20px;\">\u00a0\u00a0 \u00a0 \u00a0Contamos con Atractivos Paquetes Todo Incluido para que Pongas Tu\u00a0<a title=\"Preguntas de tu P\u00e1gina Web\" href=\"\/seo-optimizar-preguntas\">Pagina Web<\/a>\u00a0. Estos Paquetes estan Cuidadosamente <span style=\"font-weight: bold;\"><span style=\"font-style: italic;\">Dise\u00f1ados<\/span><\/span> para que se Ajusten a Tus Necesidades y sobre todo, que tus Clientes Potenciales te Puedan Encontrar y Conecer. De esta Situaci\u00f3n pueden salir Importantes Oportunidades de Negocio.<span style=\"font-size: 15px;\"><br \/><\/span><\/p>\n<p style=\"padding-left: 20px;\">\u00a0<\/p>\n\n\n<div class=\"wp-block-columns\">\n<div class=\"wp-block-column\">\n<h2>Mi P\u00e1gina Web B\u00e1sica<\/h2>\n\n<h3>(Web, Hosting,&nbsp;Dominio y Optimizaci\u00f3n)<\/h3>\n\n<p><br><\/p>\n\n<ul>\n    <li><span style=\"font-style: italic;\"><span style=\"font-size: 20px;\"><span style=\"font-weight: bold;\">P\u00e1gina<\/span> de 1 Secci\u00f3n Est\u00e1tica.<\/span><\/span><\/li>\n\n    <li><span style=\"font-style: italic;\"><span style=\"font-size: 20px;\">Formulario de Contacto en php.<\/span><\/span><\/li>\n\n    <li><a href=\"\/seo-optimizar-preguntas\" title=\"\u00bfQu\u00e9 es un Dominio?\">Dominio<\/a><span style=\"font-style: italic;\"><span style=\"font-size: 20px;\"><span style=\"font-weight: bold;\"><\/span>.<\/span><\/span><\/li>\n\n    <li><span style=\"font-style: italic;\"><span style=\"font-size: 20px;\"><span style=\"font-weight: bold;\">Hospedaje<\/span>.<\/span><\/span><\/li>\n\n    <li><span style=\"font-style: italic;\"><span style=\"font-size: 20px;\">Hasta 4 cuentas de Correo.<\/span><\/span><\/li>\n\n    <li><span style=\"font-style: italic;\"><span style=\"font-size: 20px;\">Se Incluyen hasta 5 Cuartillas de Informaci\u00f3n y 5 Fotograf\u00edas*.<\/span><\/span><\/li>\n\n    <li><a href=\"\/seo-optimizar-preguntas\" title=\"Optimizaci\u00f3n - Pregunta No.11 y 12\">Optimizaci\u00f3n para Google<\/a><span style=\"font-style: italic;\"><span style=\"font-size: 20px;\"><span style=\"font-weight: bold;\"><\/span>.<\/span><\/span><\/li>\n<\/ul>\n\n<p style=\"padding-left: 60px;\">*Esta Informaci\u00f3n es Suministrada por el Cliente .&nbsp;<\/p>\n\n<p style=\"text-align: right;\"><span style=\"font-size: 48px;\"><span style=\"font-style: italic;\"><span style=\"font-weight: bold; color: #E14E05; background-color: #F8F86D;\">$1,500<\/span><\/span><\/span><\/p>\n\n<p><br><\/p>\n\n<form action=\"https:\/\/www.paypal.com\/cgi-bin\/webscr\" method=\"post\" target=\"_top\">\n    <input type=\"hidden\" name=\"cmd\" value=\"_s-xclick\"> <input type=\"hidden\" name=\"hosted_button_id\" value=\"M3HTKV6XS4YTS\"> <input value=\"\" type=\"image\" src=\"http:\/\/www.mi-pagina-web.superaciondigital.com\/images\/pay-pal-basico.jpg\" name=\"submit\" alt=\"PayPal, la forma m\u00e1s segura y r\u00e1pida de pagar en l\u00ednea.\"> <img loading=\"lazy\" alt=\"\" border=\"0\" src=\"https:\/\/www.paypalobjects.com\/es_XC\/i\/scr\/pixel.gif\" width=\"1\" height=\"1\">\n<\/form>\n<\/div>\n\n\n\n<div class=\"wp-block-column\">\n<div class=\"wp-block-image\"><figure class=\"aligncenter size-large\"><img loading=\"lazy\" width=\"400\" height=\"455\" src=\"http:\/\/mi-pagina-web.superaciondigital.com\/wp-content\/uploads\/2021\/01\/plan-basico-2.jpg\" alt=\"Mi pagina web Basica\" class=\"wp-image-48\" srcset=\"https:\/\/mi-pagina-web.superaciondigital.com\/wp-content\/uploads\/2021\/01\/plan-basico-2.jpg 400w, https:\/\/mi-pagina-web.superaciondigital.com\/wp-content\/uploads\/2021\/01\/plan-basico-2-264x300.jpg 264w\" sizes=\"(max-width: 400px) 100vw, 400px\" \/><\/figure><\/div>\n<\/div>\n<\/div>\n\n\n\n<div class=\"wp-block-columns\">\n<div class=\"wp-block-column\">\n<h2>Mi Pagina Web Pyme<\/h2>\n\n<h3>(Web,&nbsp;Hosting,&nbsp;Dominio y Optimizaci\u00f3n)<\/h3>\n\n<p><br><\/p>\n\n<ul>\n    <li><span style=\"font-size: 20px; color: #000000;\"><\/span><\/li>\n\n    <li><span style=\"font-size: 20px; color: rgb(0, 0, 0);\"><span style=\"font-style: italic;\">5 secciones Est\u00e1ticas:<\/span><\/span><\/li>\n<\/ul>\n\n<p style=\"padding-left: 60px;\"><span style=\"font-size: 20px; color: #000000;\"><span style=\"font-style: italic;\">\u201c Inicio &#8211; Quienes Somos \u2013 Productos &#8211; Preguntas Frecuentes &#8211; Contacto\u201d<\/span><\/span><\/p>\n\n<ul>\n    <li><span style=\"font-size: 20px; color: #000000;\"><span style=\"font-style: italic;\">Puedes Incluir hasta 10 Fotograf\u00edas y la Informaci\u00f3n a Incluir en cada Secci\u00f3n en formato Word.<\/span><\/span><\/li>\n\n    <li><span style=\"font-size: 20px; color: #000000;\"><span style=\"font-style: italic;\"><span style=\"font-weight: bold;\">Dominio<\/span>.<\/span><\/span><\/li>\n\n    <li><a href=\"\/seo-optimizar-preguntas\" title=\"\u00bfQue es Hospedaje?\">Hospedaje<\/a><span style=\"font-size: 20px; color: #000000;\"><span style=\"font-style: italic;\"><span style=\"font-weight: bold;\"><\/span>.<\/span><\/span><\/li>\n\n    <li><span style=\"font-size: 20px; color: #000000;\"><span style=\"font-style: italic;\">Hasta 8 cuentas de Correo.<\/span><\/span><\/li>\n\n    <li><span style=\"font-size: 20px; color: #000000;\"><span style=\"font-style: italic;\"><span style=\"font-weight: bold;\">Optimizaci\u00f3n para Google<\/span>.<\/span><\/span><\/li>\n<\/ul>\n\n<p style=\"text-align: right;\"><span style=\"color: #E14E05; font-size: 48px; font-style: italic; font-weight: bold; text-align: right; background-color: #F8F86D;\">$3,900<\/span><\/p><br>\n<br>\n<br>\n<br>\n<br>\n<br>\n\n<form action=\"https:\/\/www.paypal.com\/cgi-bin\/webscr\" method=\"post\" target=\"_top\">\n    <input type=\"hidden\" name=\"cmd\" value=\"_s-xclick\"> <input type=\"hidden\" name=\"hosted_button_id\" value=\"ENZ9QCPQGW6EY\"> <input value=\"\" type=\"image\" src=\"http:\/\/www.mi-pagina-web.superaciondigital.com\/images\/pay-pal-pyme.jpg\" name=\"submit\" alt=\"PayPal, la forma m\u00e1s segura y r\u00e1pida de pagar en l\u00ednea.\"> <img loading=\"lazy\" alt=\"\" border=\"0\" src=\"https:\/\/www.paypalobjects.com\/es_XC\/i\/scr\/pixel.gif\" width=\"1\" height=\"1\">\n<\/form>\n<\/div>\n\n\n\n<div class=\"wp-block-column\">\n<div class=\"wp-block-image\"><figure class=\"aligncenter size-large\"><img loading=\"lazy\" width=\"400\" height=\"573\" src=\"http:\/\/mi-pagina-web.superaciondigital.com\/wp-content\/uploads\/2021\/01\/plan-pyme-1.jpg\" alt=\"\" class=\"wp-image-79\" srcset=\"https:\/\/mi-pagina-web.superaciondigital.com\/wp-content\/uploads\/2021\/01\/plan-pyme-1.jpg 400w, https:\/\/mi-pagina-web.superaciondigital.com\/wp-content\/uploads\/2021\/01\/plan-pyme-1-209x300.jpg 209w\" sizes=\"(max-width: 400px) 100vw, 400px\" \/><\/figure><\/div>\n<\/div>\n<\/div>\n\n\n\n<div class=\"wp-block-columns\">\n<div class=\"wp-block-column\">\n<h2>Mi Pagina Web E-Comercio<\/h2>\n\n<h3>(Web,&nbsp;Hosting,&nbsp;Dominio y Optimizaci\u00f3n)<\/h3>\n\n<p><br><\/p>\n\n<ul>\n    <li><span style=\"font-size: 20px; color: #000000;\"><\/span><\/li>\n\n    <li>\n        <p><span style=\"font-size: 20px;\"><span style=\"font-style: italic;\">Hasta 3 Secciones Est\u00e1ticas<\/span><\/span><\/p>\n    <\/li>\n\n    <li>\n        <p><span style=\"font-size: 20px;\"><span style=\"font-style: italic;\">Tienda Electr\u00f3nica con Carrito de Compras.<\/span><\/span><\/p>\n    <\/li>\n\n    <li>\n        <p><span style=\"font-size: 20px;\"><span style=\"font-style: italic;\">Configuraci\u00f3n de Pagos:<\/span><\/span><\/p>\n\n        <ul>\n            <li>\n                <p><span style=\"font-size: 20px;\"><span style=\"font-style: italic;\">Con Tarjeta de Cr\u00e9dito o D\u00e9bito ( Pay-Pal ).<\/span><\/span><\/p>\n            <\/li>\n\n            <li>\n                <p><span style=\"font-size: 20px;\"><span style=\"font-style: italic;\">Efectivo o Dep\u00f3sito Bancario.<\/span><\/span><\/p>\n            <\/li>\n        <\/ul>\n    <\/li>\n\n    <li>\n        <p><span style=\"font-size: 20px;\"><span style=\"font-style: italic;\">Carga de 5 Art\u00edculos en el Cat\u00e1logo de Productos.<\/span><\/span><\/p>\n    <\/li>\n\n    <li>\n        <p><span style=\"font-size: 20px;\"><span style=\"font-style: italic;\">Breve Manual de Operaci\u00f3n.<\/span><\/span><\/p>\n    <\/li>\n\n    <li>\n        <p><span style=\"font-size: 20px;\"><span style=\"font-style: italic;\">Consulta de Arranque ( Telef\u00f3nica y Correo Elect\u00f3nico).<\/span><\/span><\/p>\n    <\/li>\n\n    <li>\n        <p><span style=\"font-size: 20px;\"><span style=\"font-style: italic;\"><span style=\"font-weight: bold;\">Dominio<\/span>.<\/span><\/span><\/p>\n    <\/li>\n\n    <li>\n        <p><span style=\"font-size: 20px;\"><span style=\"font-style: italic;\"><span style=\"font-weight: bold;\">Hospedaje<\/span>.<\/span><\/span><\/p>\n\n        <p> <\/p>\n    <\/li>\n\n    <li>\n        <p><span style=\"font-size: 20px;\"><span style=\"font-style: italic;\">Hasta 10 cuentas de Correo.<\/span><\/span><\/p>\n    <\/li>\n\n    <li>\n        <p><span style=\"font-size: 20px;\"><span style=\"font-style: italic;\"><span style=\"font-weight: bold;\">Optimizaci\u00f3n para Google<\/span> de las Secciones Est\u00e1ticas.<\/span><\/span><\/p>\n\n        <p><span style=\"font-size: 20px;\"><span style=\"font-style: italic;\"><\/span><\/span><\/p>\n    <\/li>\n\n    <li>\n        <p><span style=\"font-size: 20px;\"><span style=\"font-style: italic;\"><\/span><\/span><\/p>\n    <\/li>\n\n    <li>\n        <p><span style=\"font-size: 20px;\"><span style=\"font-style: italic;\"><\/span><\/span><\/p>\n    <\/li>\n\n    <li>\n        <p><span style=\"font-size: 20px;\"><span style=\"font-style: italic;\"><\/span><\/span><\/p>\n    <\/li>\n<\/ul>\n\n<p style=\"text-align: right;\"><span style=\"color: #E14E05; font-size: 48px; font-style: italic; font-weight: bold; text-align: right; background-color: #F8F86D;\">$4,990<\/span><\/p>\n\n<form action=\"https:\/\/www.paypal.com\/cgi-bin\/webscr\" method=\"post\" target=\"_top\">\n    <input type=\"hidden\" name=\"cmd\" value=\"_s-xclick\"> <input type=\"hidden\" name=\"hosted_button_id\" value=\"8KLPAZ48DT38U\"> <input value=\"\" type=\"image\" src=\"http:\/\/www.mi-pagina-web.superaciondigital.com\/images\/pay-pal-comercio.jpg\" name=\"submit\" alt=\"PayPal, la forma m\u00e1s segura y r\u00e1pida de pagar en l\u00ednea.\"> <img loading=\"lazy\" alt=\"\" border=\"0\" src=\"https:\/\/www.paypalobjects.com\/es_XC\/i\/scr\/pixel.gif\" width=\"1\" height=\"1\">\n<\/form>\n<\/div>\n\n\n\n<div class=\"wp-block-column\">\n<div class=\"wp-block-image\"><figure class=\"aligncenter size-large\"><img loading=\"lazy\" width=\"400\" height=\"670\" src=\"http:\/\/mi-pagina-web.superaciondigital.com\/wp-content\/uploads\/2021\/01\/plan-e-comercio-1.jpg\" alt=\"\" class=\"wp-image-82\" srcset=\"https:\/\/mi-pagina-web.superaciondigital.com\/wp-content\/uploads\/2021\/01\/plan-e-comercio-1.jpg 400w, https:\/\/mi-pagina-web.superaciondigital.com\/wp-content\/uploads\/2021\/01\/plan-e-comercio-1-179x300.jpg 179w\" sizes=\"(max-width: 400px) 100vw, 400px\" \/><\/figure><\/div>\n<\/div>\n<\/div>\n\n\n\n<p><\/p>\n","protected":false},"excerpt":{"rendered":"<p>PAQUETES PARA TU PAGINA WEB TODO INCLUIDO (DISE\u00d1O WEB, DOMINIO, WEB HOSTING Y OPTIMIZACION ) \u00a0\u00a0 \u00a0 \u00a0\u00bf Por qu\u00e9 debo Optimizar Mi Pagina Web para Buscadores? \u00a0 \u00a0 \u00a0Aqui podr\u00e1s Obtener tu p\u00e1gina Web optimizada para Buscadores; Obtener un Hosting y un Dominio para ese proyecto y a un Precio Adecuado a tus Necesidades. [&hellip;]<\/p>\n","protected":false},"author":1,"featured_media":0,"parent":0,"menu_order":0,"comment_status":"closed","ping_status":"closed","template":"","meta":[],"yoast_head":"<!-- This site is optimized with the Yoast SEO plugin v15.7 - https:\/\/yoast.com\/wordpress\/plugins\/seo\/ -->\n<meta name=\"description\" content=\"Obten Tu Pagina Web con Dominio, Hosting y Optimizaci\u00f3n a un Excelente Precio. Tenemos Planes a tu Medida y Presupuesto. Obt\u00e9n ya tu Pagina Web y Contactanos...\" \/>\n<meta name=\"robots\" content=\"index, follow, max-snippet:-1, max-image-preview:large, max-video-preview:-1\" \/>\n<link rel=\"canonical\" href=\"https:\/\/mi-pagina-web.superaciondigital.com\/\" \/>\n<meta property=\"og:locale\" content=\"es_ES\" \/>\n<meta property=\"og:type\" content=\"article\" \/>\n<meta property=\"og:title\" content=\"Mi Pagina Web - Mi Pagina Web\" \/>\n<meta property=\"og:description\" content=\"Obten Tu Pagina Web con Dominio, Hosting y Optimizaci\u00f3n a un Excelente Precio. Tenemos Planes a tu Medida y Presupuesto. Obt\u00e9n ya tu Pagina Web y Contactanos...\" \/>\n<meta property=\"og:url\" content=\"https:\/\/mi-pagina-web.superaciondigital.com\/\" \/>\n<meta property=\"og:site_name\" content=\"Mi Pagina Web\" \/>\n<meta property=\"article:modified_time\" content=\"2021-02-01T21:04:19+00:00\" \/>\n<meta property=\"og:image\" content=\"http:\/\/mi-pagina-web.superaciondigital.com\/wp-content\/uploads\/2021\/01\/seo-optimizar.jpg\" \/>\n<meta name=\"twitter:card\" content=\"summary_large_image\" \/>\n<meta name=\"twitter:label1\" content=\"Tiempo de lectura\">\n\t<meta name=\"twitter:data1\" content=\"6 minutos\">\n<script type=\"application\/ld+json\" class=\"yoast-schema-graph\">{\"@context\":\"https:\/\/schema.org\",\"@graph\":[{\"@type\":[\"Person\",\"Organization\"],\"@id\":\"https:\/\/mi-pagina-web.superaciondigital.com\/#\/schema\/person\/26f6d3622d5c59a477c85dbc203fb8a6\",\"name\":\"JuanGonzalez\",\"image\":{\"@type\":\"ImageObject\",\"@id\":\"https:\/\/mi-pagina-web.superaciondigital.com\/#personlogo\",\"inLanguage\":\"es\",\"url\":\"https:\/\/secure.gravatar.com\/avatar\/f8a642bf8a0d23b0694fc85caf2bee0c?s=96&d=mm&r=g\",\"caption\":\"JuanGonzalez\"},\"logo\":{\"@id\":\"https:\/\/mi-pagina-web.superaciondigital.com\/#personlogo\"},\"sameAs\":[\"http:\/\/mi-pagina-web.superaciondigital.com\"]},{\"@type\":\"WebSite\",\"@id\":\"https:\/\/mi-pagina-web.superaciondigital.com\/#website\",\"url\":\"https:\/\/mi-pagina-web.superaciondigital.com\/\",\"name\":\"Mi Pagina Web\",\"description\":\"Dominio, Hosting y Optimizaci\\u00f3n al Mejor Precio\",\"publisher\":{\"@id\":\"https:\/\/mi-pagina-web.superaciondigital.com\/#\/schema\/person\/26f6d3622d5c59a477c85dbc203fb8a6\"},\"potentialAction\":[{\"@type\":\"SearchAction\",\"target\":\"https:\/\/mi-pagina-web.superaciondigital.com\/?s={search_term_string}\",\"query-input\":\"required name=search_term_string\"}],\"inLanguage\":\"es\"},{\"@type\":\"ImageObject\",\"@id\":\"https:\/\/mi-pagina-web.superaciondigital.com\/#primaryimage\",\"inLanguage\":\"es\",\"url\":\"http:\/\/mi-pagina-web.superaciondigital.com\/wp-content\/uploads\/2021\/01\/seo-optimizar.jpg\"},{\"@type\":\"WebPage\",\"@id\":\"https:\/\/mi-pagina-web.superaciondigital.com\/#webpage\",\"url\":\"https:\/\/mi-pagina-web.superaciondigital.com\/\",\"name\":\"Mi Pagina Web - Mi Pagina Web\",\"isPartOf\":{\"@id\":\"https:\/\/mi-pagina-web.superaciondigital.com\/#website\"},\"primaryImageOfPage\":{\"@id\":\"https:\/\/mi-pagina-web.superaciondigital.com\/#primaryimage\"},\"datePublished\":\"2021-01-22T05:39:00+00:00\",\"dateModified\":\"2021-02-01T21:04:19+00:00\",\"description\":\"Obten Tu Pagina Web con Dominio, Hosting y Optimizaci\\u00f3n a un Excelente Precio. Tenemos Planes a tu Medida y Presupuesto. Obt\\u00e9n ya tu Pagina Web y Contactanos...\",\"inLanguage\":\"es\",\"potentialAction\":[{\"@type\":\"ReadAction\",\"target\":[\"https:\/\/mi-pagina-web.superaciondigital.com\/\"]}]}]}<\/script>\n<!-- \/ Yoast SEO plugin. -->","_links":{"self":[{"href":"https:\/\/mi-pagina-web.superaciondigital.com\/index.php\/wp-json\/wp\/v2\/pages\/2"}],"collection":[{"href":"https:\/\/mi-pagina-web.superaciondigital.com\/index.php\/wp-json\/wp\/v2\/pages"}],"about":[{"href":"https:\/\/mi-pagina-web.superaciondigital.com\/index.php\/wp-json\/wp\/v2\/types\/page"}],"author":[{"embeddable":true,"href":"https:\/\/mi-pagina-web.superaciondigital.com\/index.php\/wp-json\/wp\/v2\/users\/1"}],"replies":[{"embeddable":true,"href":"https:\/\/mi-pagina-web.superaciondigital.com\/index.php\/wp-json\/wp\/v2\/comments?post=2"}],"version-history":[{"count":14,"href":"https:\/\/mi-pagina-web.superaciondigital.com\/index.php\/wp-json\/wp\/v2\/pages\/2\/revisions"}],"predecessor-version":[{"id":90,"href":"https:\/\/mi-pagina-web.superaciondigital.com\/index.php\/wp-json\/wp\/v2\/pages\/2\/revisions\/90"}],"wp:attachment":[{"href":"https:\/\/mi-pagina-web.superaciondigital.com\/index.php\/wp-json\/wp\/v2\/media?parent=2"}],"curies":[{"name":"wp","href":"https:\/\/api.w.org\/{rel}","templated":true}]}}